 1674232593?
121
What is the highest common factor of 105524832 and 96?
96
Calculate the greatest common factor of 85 and 524106413.
17
Calculate the highest common divisor of 12 and 157098.
6
What is the highest common divisor of 6561729 and 6561?
729
What is the highest common factor of 1364838 and 72?
6
Calculate the greatest common factor of 13101969 and 1293.
1293
What is the highest common factor of 115814 and 676?
2
What is the highest common factor of 22608475 and 775?
25
Calculate the highest common divisor of 12050 and 268650.
50
Calculate the highest common factor of 193 and 2418481263.
193
What is the highest common factor of 249 and 120410673?
249
Calculate the greatest common factor of 4148 and 4061746.
122
What is the greatest common divisor of 24568 and 303696?
296
Calculate the greatest common divisor of 362301 and 471.
3
What is the greatest common factor of 1267 and 3946474?
7
Calculate the greatest common factor of 680036842 and 2152.
538
Calculate the greatest common factor of 4407195 and 10485.
3495
What is the greatest common divisor of 102 and 1087705713?
51
Calculate the highest common divisor of 16195 and 112955.
205
Calculate the greatest common factor of 714 and 4241013.
21
What is the highest common factor of 506424835 and 2170?
1085
Calculate the highest common factor of 283492421 and 24424.
3053
What is the greatest common factor of 11408608 and 64?
32
What is the highest common divisor of 9 and 4396227?
3
Calculate the greatest common divisor of 36006650 and 2900.
50
Calculate the highest common factor of 53036735 and 85.
5
What is the greatest common divisor of 87 and 46102431?
87
What is the greatest common divisor of 428003540 and 5660?
5660
What is the highest common factor of 40737 and 150?
3
What is the highest common factor of 8268337 and 4676?
1169
What is the highest common factor of 2099447 and 749?
749
What is the greatest common divisor of 60 and 141131775?
15
What is the greatest common divisor of 6789 and 1395091977?
6789
What is the greatest common divisor of 9087484 and 1370?
274
What is the greatest common factor of 2695328 and 32?
32
Calculate the highest common divisor of 79624655 and 1210.
605
What is the greatest common factor of 13 and 16614169?
13
Calculate the greatest common factor of 19742950 and 255.
85
What is the greatest common factor of 98352 and 167251674?
4098
Calculate the greatest common factor of 154161 and 42867.
9
Calculate the highest common factor of 476 and 309401292.
68
What is the highest common factor of 12449877 and 152421?
3243
Calculate the greatest common divisor of 2526 and 19640913.
1263
Calculate the greatest common factor of 48 and 47816304.
48
What is the highest common divisor of 145 and 51933983?
29
What is the highest common divisor of 82056 and 223080?
312
What is the greatest common factor of 2726 and 87689404?
94
What is the greatest common divisor of 20 and 45649060?
20
What is the highest common divisor of 284 and 24494006?
142
What is the highest common divisor of 33510566 and 1271?
31
Calculate the highest common divisor of 108506 and 135274.
478
What is the highest common divisor of 244 and 16139441?
61
What is the greatest common divisor of 500 and 143616625?
125
What is the highest common factor of 20 and 340035?
5
Calculate the highest common divisor of 18924071 and 3251.
3251
Calculate the greatest common factor of 160 and 39608440.
40
Calculate the greatest common factor of 2808 and 19747364.
52
Calculate the highest common divisor of 247234 and 105228.
74
What is the highest common divisor of 7327 and 2860978?
431
What is the highest common factor of 252342 and 3258?
18
Calculate the highest common divisor of 931422618 and 28.
14
Calculate the highest common divisor of 7116544 and 800.
32
Calculate the greatest common factor of 79909 and 7544.
41
Calculate the greatest common divisor of 6264305 and 711.
79
Calculate the highest common factor of 744 and 1954.
2
What is the greatest common factor of 26978 and 355306?
574
What is the greatest common factor of 12 and 2958508?
4
What is the greatest common divisor of 353269675 and 495?
55
What is the highest common factor of 18 and 126960444?
18
What is the highest common divisor of 1189915 and 391?
17
Calculate the greatest common factor of 5316 and 369390.
6
What is the greatest common factor of 27 and 423366750?
27
What is the greatest common divisor of 15 and 10445415?
15
What is the greatest common factor of 99 and 2408813?
11
Calculate the greatest common factor of 1482 and 46938398.
494
What is the highest common factor of 4251744 and 73332?
756
What is the highest common factor of 106667 and 483164?
11
What is the highest common divisor of 1113 and 1178137?
53
Calculate the greatest common factor of 5390304 and 48.
48
What is the greatest common divisor of 5098625 and 2331?
7
What is the greatest common divisor of 722562378 and 9390?
1878
Calculate the highest common divisor of 20967737 and 49.
49
What is the highest common factor of 25 and 1114076625?
25
Calculate the highest common factor of 471691 and 3151.
137
Calculate the greatest common divisor of 4307409 and 87890.
799
Calculate the highest common divisor of 837273 and 191919.
2109
What is the highest common factor of 150260 and 2540?
20
Calculate the highest common divisor of 14060 and 1228160.
380
What is the greatest common factor of 2124180 and 126?
18
What is the highest common factor of 1049580 and 686392?
3332
Calculate the highest common factor of 5948705 and 105.
35
Calculate the highest common factor of 92976514 and 5872.
734
What is the greatest common divisor of 14763548 and 204?
68
What is the highest common factor of 669 and 58749?
3
What is the highest common factor of 24513346 and 66?
22
What is the highest common factor of 41313538 and 40761?
4529
Calculate the greatest common divisor of 30349396 and 924.
308
Calculate the greatest common factor of 164358 and 306087.
1191
Calculate the highest common divisor of 376208 and 154.
14
Calculate the highest common factor of 64695 and 48355.
95
What is the highest common factor of 2958 and 3668326?
58
What is the highest common factor of 36832 and 76719905?
1151
Calculate the highest common divisor of 18762522 and 12.
6
Calculate the greatest common divisor of 261856 and 2342592.
1568
What is the highest common divisor of 3575 and 1630486?
143
Calculate the greatest common factor of 27 and 6123861.
9
Calculate the highest common divisor of 324 and 3624084.
36
Calculate the highest common factor of 191484 and 12042.
54
What is the highest common factor of 6625 and 13946825?
25
What is the greatest common divisor of 108 and 10586392?
4
Calculate the greatest common factor of 77620367 and 55.
11
Calculate the greatest common divisor of 638275104 and 16578.
5526
Calculate the greatest common factor of 4407 and 684489.
39
What is the greatest common factor of 6275 and 1426935?
1255
What is the greatest common factor of 77273 and 68551?
49
What is the greatest common factor of 22 and 948220702?
22
Calculate the highest common divisor of 4410 and 676410.
210
What is the greatest common divisor of 125 and 30048985?
5
What is the highest common divisor of 88524241 and 109?
109
What is the highest common divisor of 149700 and 209075?
25
Calculate the greatest common divisor of 15245830 and 213.
71
Calculate the greatest common divisor of 22835058 and 591.
591
What is the highest common divisor of 2435346 and 205092?
486
What is the highest common divisor of 18979317 and 98?
49
Calculate the greatest common factor of 23691785 and 2920.
365
Calculate the highest common factor of 4110 and 311340.
30
Calculate the highest common factor of 3311846 and 28946.
706
What is the highest common divisor of 10 and 932124?
2
What is the greatest common factor of 181373 and 91885?
799
What is the highest common divisor of 18 and 61451946?
18
Calculate the greatest common divisor of 4945 and 225193.
23
Calculate the greatest common factor of 20 and 26245.
5
Calculate the highest common factor of 13936011 and 3.
3
Calculate the highest common factor of 293016843 and 252.
63
What is the highest common divisor of 10 and 1550132?
2
Calculate the greatest common factor of 163323 and 160167.
789
Wha